mmon factor of 3 and c.
3
Let h(w) be the first derivative of -w**3/3 - 7*w**2 - 9*w - 2. Let q be h(-11). What is the highest common factor of 264 and q?
24
Let u(j) = j**3 - 3*j**2 - 8. Let g be u(4). What is the highest common factor of g and 20?
4
Let b = -18 - -82. Suppose 3*n = 62 + b. Calculate the greatest common divisor of n and 105.
21
Suppose 0 = -5*h - 4*r + 268, 0*h = 3*h + 4*r - 156. What is the greatest common divisor of 7 and h?
7
Let i(k) = k**2 + 6*k - 1. Suppose -3*b = 23 - 2. Let c be i(b). What is the greatest common divisor of c and 12?
6
Let i(q) = -24*q**3 + q**2 + 2*q - 2. Let c be i(2). Let z be 1 - (c/(-3))/(-2). Suppose -d = d - z. Calculate the greatest common divisor of 144 and d.
16
Suppose -432 = 7*z - 9*z. What is the greatest common divisor of z and 27?
27
Suppose 5*r - 4*k - 41 = 4*r, 17 = r + 2*k. What is the highest common factor of 5 and r?
5
Let h(o) = 3*o**2 + 1. Let x be h(-4). Suppose -x = -4*a + 23. Suppose -2*y + 72 = 2*y. What is the highest common divisor of y and a?
18
Let d be 3/15 + 2/(-10). Suppose -5*w + 0*w + 90 = d. Calculate the highest common divisor of 6 and w.
6
Let o = -30 - -50. Calculate the greatest common factor of o and 20.
20
Let w be (2/(-3))/((-8)/144). Calculate the highest common factor of 30 and w.
6
Let m be 4 - (6 - 2) - -39. Calculate the highest common divisor of m and 13.
13
Let t(z) be the third derivative of z**5/60 + z**4/6 + z**3/2 - z**2. Let y = -28 + 22. Let f be t(y). What is the greatest common divisor of 10 and f?
5
Let t = 165 - -242. What is the highest common divisor of 37 and t?
37
Let n(h) = 47*h - 2. Let x be n(1). Calculate the highest common factor of x and 5.
5
Let w be 64/6*(-18)/(-12). What is the greatest common divisor of 2 and w?
2
Let o(r) = -4*r. Let t be o(-1). Let h be (t/(-10))/(7/(-105)). Calculate the greatest common factor of h and 4.
2
Let w = 320 + -220. Calculate the highest common factor of w and 10.
10
Suppose -60 = -2*z + 4. Let b be 69/15 + (-4)/(-10). Let j = 9 - b. What is the highest common factor of j and z?
4
Suppose -x + 79 - 7 = 0. Suppose -3*k + 13 = 2*n - 16, 2 = 2*n. Calculate the highest common factor of k and x.
9
Let r be -3*(-32)/12 - -2. Let t = r - -14. Calculate the highest common divisor of 8 and t.
8
Let g(d) = 4*d - 7. Let w be 2/8 + (-92)/(-16). Let o be g(w). What is the greatest common factor of o and 187?
17
Suppose -n + 13 = -36. Let a(r) = r - 29. Let s be a(0). Let m = n + s. What is the highest common factor of m and 10?
10
Let c be 6/36 + 1/(-6). Suppose c = -z - 4*z + 350. What is the greatest common factor of z and 7?
7
Let b be (-36)/(-10) - 2/(-5). Suppose -l + 3*s = -2*l + 30, 5*l = b*s + 55. What is the highest common divisor of l and 75?
15
Let q(g) = g**2 + 6*g + 3. Let c be q(-6). Suppose 0 = p + 4*r + 8, 28 = c*p - 5*r - 16. Calculate the highest common factor of p and 1.
1
Suppose 2*b = 6 + 2. What is the highest common divisor of b and 20?
4
Let z(g) = -g + 4. Let b be z(-7). Suppose 9 = 4*p - b. Suppose -5 = p*o, -3*q + 3*o - 2*o + 37 = 0. What is the greatest common divisor of 18 and q?
6
Let j = 15 + -3. What is the greatest common divisor of 48 and j?
12
Suppose -3*y - 5*l = -32, -y + 5*l - 8 = 2*y. Let p(x) = 16*x - 4. Let o be p(3). Calculate the highest common factor of y and o.
4
Let t(o) = 3*o**2 - 3*o + 4. Let d be t(3). What is the highest common divisor of d and 33?
11
Suppose 0*x - 3*x = -15. Suppose -x*d = -d. Suppose 0 = -2*i - d*i + 26. What is the greatest common factor of i and 13?
13
Let v(b) = -2*b**2 + 3*b**2 - 2*b**2 - 6*b + 4. Let m be v(-6). Suppose -c - 2*c + 10 = -2*q, 2*q - 22 = -5*c. Calculate the highest common divisor of m and c.
4
Let w be 1/(1 - 0) - -7. Suppose -32 = -3*v + 2*g, -2*v - 3*g = -w*g - 25. What is the greatest common divisor of 80 and v?
10
Let i(a) be the first derivative of -13*a**2/2 + 4*a + 3. Let y be i(-4). Suppose -11 = c - y. What is the highest common factor of 9 and c?
9
Let i be (-2)/(-6) + (-44)/(-12). Suppose i*h + h + 25 = 0. Let f be (-2)/h + (-265)/(-25). Calculate the highest common factor of f and 88.
11
Suppose x = 20 - 8. Calculate the greatest common divisor of 156 and x.
12
Let h = 7 + -2. Let y = h - -9. Calculate the greatest common factor of y and 21.
7
Suppose 6*w = w + 85. Calculate the highest common divisor of w and 17.
17
Let b = -3 - -17. What is the highest common divisor of b and 14?
14
Suppose 15 + 61 = q. Let l(d) = d + 19. Let o be l(0). What is the highest common factor of o and q?
19
Let q(d) = -6*d - 24. Let u be q(-8). What is the highest common factor of u and 24?
24
Let s(p) = -3*p - 7. Let x be s(-5). Suppose -4*o + 24 = 2*v, -3*v - 44 = -x*v - 2*o. Let i be 1/(-1 + (-4)/(-2)). What is the highest common factor of v and i?
1
Let g = -3 + 5. Suppose 5*n = g*n + 6. Suppose -5*f + 46 = 16. What is the greatest common divisor of f and n?
2
Suppose 11 + 79 = 5*r. What is the highest common factor of 42 and r?
6
Let x(g) = g**3 + 23*g**2 + 20*g - 23. Let h be x(-22). What is the greatest common factor of 147 and h?
21
Suppose -2*i = -2*a + 57 + 107, 2*a - 159 = i. Let p = 50 + -28. Let x = p - 11. Calculate the highest common divisor of a and x.
11
Let q(h) = -110*h. Let j be q(-4). Suppose -j = 5*u - u. Let t = 155 + u. Calculate the greatest common divisor of 30 and t.
15
Let n = -65 + 149. What is the highest common divisor of n and 21?
21
Suppose 5*t = 5*n - 25, 2*n = -4*t + 3*t - 14. Let a(z) = -z**2 - 8*z + 3. Let o be a(t). Suppose i - 6 = 15. Calculate the highest common factor of o and i.
3
Suppose i = 54 + 32. Calculate the highest common factor of i and 215.
43
Let v(b) = 26*b. Let f be v(2). Suppose 14*p - 65 = 9*p. Calculate the greatest common divisor of p and f.
13
Suppose -16 = -4*i + 32. What is the greatest common divisor of 3 and i?
3
Suppose 5*f + 7 + 11 = 3*l, 2*l - f = 12. What is the highest common divisor of 3 and l?
3
Suppose 0 = -2*o + n + 681, 1092 - 93 = 3*o + 3*n. What is the greatest common factor of o and 26?
26
Let i = 30 - 26. Calculate the greatest common factor of 28 and i.
4
Let o(x) = x**2 + 5*x + 2. Let s be o(-6). Suppose -s - 7 = -3*j. Let q be j + 0 + -4 + 2. Calculate the highest common divisor of 3 and q.
3
Let j be (3/(-2))/((-19)/114). Calculate the greatest common factor of j and 9.
9
Let b be (-3)/(-15) - 99/(-5). Let v(r) = 1. Let o(s) = s + 4. Let q(m) = 2*o(m) - 6*v(m). Let j be q(4). What is the highest common factor of j and b?
10
Let r = 0 + 4. Suppose r*u - 4 = 2*u. Suppose -u - 5 = -v - 3*b, 5*v + 2*b = 35. What is the greatest common divisor of 63 and v?
7
Suppose -2*b + 85 = 3*m, -4*b = -2*b - 10. What is the highest common divisor of m and 25?
25
Let m(a) = -74*a + 4*a**3 - 5*a**3 + 16 + 73*a + 12*a**2. Let x be m(12). What is the greatest common factor of 10 and x?
2
Suppose 0 = 4*i - 76 - 4. What is the highest common factor of 20 and i?
20
Let h be 52*((-38)/(-60) + 22/(-165)). What is the highest common factor of h and 234?
26
Suppose -w + 2 = i, 1 + 5 = 2*w + 4*i. What is the highest common factor of w and 2?
1
Let o be (3 + (-18)/2)*3/(-2). What is the greatest common divisor of 45 and o?
9
Suppose -a - 5*y + 10*y = -164, 4*a - 5*y = 731. Suppose 0 = -r, -112 = -4*n + 2*r - 28. Calculate the highest common factor of n and a.
21
Let p = 78 + -30. Calculate the highest common divisor of 6 and p.
6
Suppose -22*r + 3168 = 10*r. Suppose 0 = -0*o - 4*o + 36. What is the highest common divisor of o and r?
9
Suppose 4*x - 30 = -4*k + 162, 188 = 4*x + 3*k. Let a be 4/(-14) + 60/14. Calculate the greatest common factor of x and a.
4
Suppose 6*v - 2*v = 504. Suppose -k + 6 + 29 = 2*u, -4*u + 67 = k. Let f be ((-108)/16)/((-6)/u). Calculate the greatest common factor of v and f.
18
Let l be 1 - (-1 + 3 + -43). Calculate the highest common factor of 105 and l.
21
Let n(p) = p + 8. Let o be n(0). Let x = 13 + -9. Suppose -x = -3*m + 92. What is the greatest common factor of o and m?
8
Let q = -105 + 149. Calculate the highest common divisor of 8 and q.
4
Suppose 5*r - 15 = 4*r. Let b be -1 + 3 + (r - 6). Calculate the greatest common factor of b and 88.
11
Suppose -3*c - 1 = -4*c, 0 = 2*s + c - 801. Suppose n - 5*n = -s. Suppose -i + 43 + n = 0. Calculate t